hat is 1110010 - -100?
1110110
In base 10, what is -1 - -387?
386
In base 16, what is -1 + -41?
-42
In base 5, what is 1 - 1003?
-1002
In base 4, what is 3113 - 32?
3021
In base 10, what is -135 - -7?
-128
In base 3, what is 2001 + -120?
1111
In base 13, what is 29b2 + 4?
29b6
In base 12, what is -4 - 75?
-79
In base 14, what is 1a4 - 1?
1a3
In base 11, what is -a8 - -1?
-a7
In base 8, what is 0 + -60?
-60
In base 5, what is 1430 - -32?
2012
In base 6, what is -20 - 240?
-300
In base 2, what is 1101111111 + -101?
1101111010
In base 16, what is 5 - 22?
-1d
In base 6, what is -3 + -4221?
-4224
In base 16, what is -2 + -f88?
-f8a
In base 6, what is 2 + 1205?
1211
In base 15, what is 6 + 49?
50
In base 13, what is -2 + -126?
-128
In base 13, what is -3 + -ba?
-c0
In base 13, what is 5 + 75?
7a
In base 13, what is -26b + 4?
-267
In base 7, what is -1403 + -3?
-1406
In base 16, what is 2 + 117?
119
In base 6, what is -3 - -212?
205
In base 4, what is -21 - 323?
-1010
In base 8, what is -530 + 13?
-515
In base 16, what is -3b + 1?
-3a
In base 9, what is -107 - 50?
-157
In base 5, what is 13 - -2223?
2241
In base 13, what is 3 - 40a?
-407
In base 15, what is -b9e + 0?
-b9e
In base 10, what is -173 - -92?
-81
In base 15, what is -157 + 2?
-155
In base 11, what is 5 + -3?
2
In base 6, what is 15 + 113?
132
In base 13, what is 2 + -582?
-580
In base 6, what is -53050 + -4?
-53054
In base 4, what is -112 + 112?
0
In base 14, what is -4 + -32?
-36
In base 16, what is 3 + 21?
24
In base 11, what is 3764 + -2?
3762
In base 8, what is 164 + -1?
163
In base 4, what is -1 - 321?
-322
In base 12, what is -1b3a - -1?
-1b39
In base 8, what is -741 + -14?
-755
In base 9, what is -13 - -285?
272
In base 2, what is 1011011 + -1?
1011010
In base 11, what is 5 - 34a?
-345
In base 7, what is 131 - -14?
145
In base 11, what is -5 - 19?
-23
In base 14, what is -121 + 0?
-121
In base 13, what is 22 + 8?
2a
In base 3, what is -22212 - -2?
-22210
In base 3, what is 2210001 + 22?
2210100
In base 7, what is 2122 + 4?
2126
In base 2, what is -100011000111 + 100?
-100011000011
In base 2, what is 1100000110 + -1110?
1011111000
In base 9, what is 12 - -103?
115
In base 15, what is 20 - d?
12
In base 7, what is -351 + -11?
-362
In base 2, what is 1 - 0?
1
In base 10, what is -1084 + 5?
-1079
In base 13, what is -3a - 3?
-40
In base 16, what is -4 + 3fa?
3f6
In base 13, what is 1 - 2a?
-29
In base 4, what is -331 + -2?
-333
In base 4, what is -31 - 2012?
-2103
In base 12, what is 2a4 - 0?
2a4
In base 2, what is -1100100 - -1000011?
-100001
In base 13, what is 5 - -118?
120
In base 11, what is 2a + -15?
15
In base 12, what is 0 + 352?
352
In base 8, what is 272 - -4?
276
In base 16, what is 2 - 118?
-116
In base 8, what is 361 + -4?
355
In base 12, what is 2 + 2a?
30
In base 10, what is -213 - -8?
-205
In base 12, what is -32 + -a?
-40
In base 2, what is -11 + 101010?
100111
In base 10, what is -4 + 4?
0
In base 16, what is -b0 + -15?
-c5
In base 7, what is 5 + 355?
363
In base 4, what is -10 + 2231?
2221
In base 6, what is -1554 - 21?
-2015
In base 10, what is -118 + -1?
-119
In base 10, what is 0 + -594?
-594
In base 14, what is -3 + -11?
-14
In base 15, what is 5 - -3aa?
3b0
In base 2, what is -11 + -1000?
-1011
In base 11, what is 3596 + -4?
3592
In base 8, what is -13 - 556?
-571
In base 8, what is 12 - 1233?
-1221
In base 10, what is -3 + 190?
187
In base 4, what is -212 + 1312?
1100
In base 2, what is 1000 + -1000000?
-111000
In base 16, what is 2 + 17?
19
In base 12, what is 198 - 0?
198
In base 14, what is 5 + 14c?
153
In base 10, what is 520 - 4?
516
In base 12, what is 128 + 0?
128
In base 14, what is -33 - 28?
-5b
In base 9, what is -230 - -38?
-181
In base 2, what is -10 - -110010111?
110010101
In base 3, what is 10110022 - -10?
10110102
In base 14, what is -54 + 1?
-53
In base 2, what is -1 + 10000?
1111
In base 7, what is 4 - -1015?
1022
In base 8, what is -4 - -324?
320
In base 4, what is 31 - -201?
232
In base 16, what is 1 - -1d8?
1d9
In base 2, what is 101 - -101110000?
101110101
In base 7, what is 13 + 4?
20
In base 13, what is 112a + 5?
1132
In base 16, what is 5 - -22e?
233
In base 3, what is 1010010 + -10?
1010000
In base 15, what is 5 - c?
-7
In base 3, what is 2210021 + 10?
2210101
In base 7, what is 432 + 163?
625
In base 13, what is 1a - 2b3?
-296
In base 14, what is -3 + -66?
-69
In base 5, what is 142 + -2231?
-2034
In base 8, what is -2 - -345?
343
In base 4, what is 303 + -10111?
-3202
In base 7, what is -5 + -4?
-12
In base 8, what is -4 + 116?
112
In base 9, what is 17 + 415?
433
In base 3, what is -100221 + 1221?
-22000
In base 4, what is -33312 + -10?
-33322
In base 10, what is 2941 + 0?
2941
In base 7, what is 13 - -10?
23
In base 5, what is -1 + 30032?
30031
In base 7, what is 0 - -560?
560
In base 6, what is -1224 + -5?
-1233
In base 3, what is -22 - -1010?
211
In base 6, what is -2 + 10305?
10303
In base 6, what is 13 + 33?
50
In base 9, what is 16 + -30?
-13
In base 15, what is 3 - 171?
-16d
In base 12, what is 11 - -b?
20
In base 3, what is 10101 - 2?
10022
In base 13, what is -c + 2?
-a
In base 6, what is 2 + -22?
-20
In base 2, what is -11010010 - 11001?
-11101011
In base 16, what is -6 + 87?
81
In base 12, what is -26a - -6?
-264
In base 9, what is 17 + 24?
42
In base 16, what is 128 - 32?
f6
In base 4, what is 11 + 322?
333
In base 7, what is -34 + -54?
-121
In base 16, what is 5 + -15?
-10
In base 16, what is -21 + -5?
-26
In base 12, what is -2 - -35?
33
In base 16, what is 1eec + -1?
1eeb
In base 5, what is -10 + -213?
-223
In base 16, what is 5 - -54e?
553
In base 7, what is 342 + 3?
345
In base 15, what is 2c - -8?
35
In base 12, what is 0 + 983?
983
In base 15, what is 5 + 13?
18
In base 10, what is 38 + 12?
50
In base 8, what is -1 + 1232?
1231
In base 4, what is 2203 + -11?
2132
In base 5, what is 34 + 112?
201
In base 5, what is -102 - 101?
-203
In base 4, what is -10230 - -2?
-10222
In base 8, what is -6 + 164?
156
In base 9, what is -56 - -4?
-52
In base 13, what is -42 + 3b?
-4
In base 14, what is -10 + -7?
-17
In base 5, what is 1 - 2030?
-2024
In base 13, what is 23 - 10?
13
In base 5, what is 3012 - 131?
2331
In base 3, what is 10 + 10022?
10102
In base 16, what is -1e61 + 0?
-1e61
In base 8, what is 12703 + -1?
12702
In base 12, what is 26 - 7?
1b
In base 3, what is -22 + 122?
100
In base 16, what is -2b9 - -b?
-2ae
In base 10, what is 369 + 23?
392
In base 11, what is -152 + 170?
19
In base 5, what is -3 - 204?
-212
In base 10, what is 4195 - -5?
4200
In base 11, what is -1 - -1003?
1002
In base 3, what is -2111 - 11?
-2122
In base 14, what is 272 + -15?
25b
In base 12, what is -68 - 9?
-75
In base 4, what is -10132 + -202?
-11000
In base 13, what is -194a + 0?
-194a
In base 6, what is -10 + -111?
-121
In base 13, what is -135 + -51?
-186
In base 13, what is -411 + -3?
-414
In base 3, what is 102 + -20?
12
In base 5, what is 40 + -140?
-100
In base 15, what is -1 - -3a?
39
In base 15, what is 1e + 4?
23
In base 14, what is 4 + -5c?
-58
In base 9, what is -17 + 14?
-3
In base 15, what is 639 + -1?
638
In base 5, what is -10044 + -2?
-10101
In base 11, what is -98 - -18?
-80
In base 16, what is 1e24 + -4?
1e20
In base 16, what is -7 + e?
7
In base 14, what is 1 + 17?
18
In base 7, what is 51212 + -4?
51205
In base 15, what is 28d + -11?
27c
In base 6, what is 35 + 43?
122
In base 9, what is -250 - 2?
-252
In base 16, what is -75 - -2?
-73
In base 8, what is -1 - 12?
-13
In base 9, what is 16 + -1?
15
In base 16, what is -6 - 1ce?
-1d4
In base 10, what is 5 + 2184?
2189
In base 7, what is -20134 + 10?
-20124
In base 6, what is 4 - 1010?
-1002
In base 16, what is 1f - -e?
2d
In base 13, what is -1 - -79?
78
In base 16, what is -437 + 1?
-436
In base 5, what is -34 + -12?
-101
In base 2, what is 101100001 + -10000?
101010001
In base 10, what is -89 - 2?
-91
In base 6, what is -2 + -100?
-102
In base 8, what is 4 - 1472?
-1466
In base 7, what is -4 + 1654?
1650
In base 15, what is 1b - 165?
-149
In base 9, what is 5 + -800?
-784
In base 9, what is 748 - 20?
728
In base 8, what is -243 + -4?
-247
In base 10, what is -4 - -39?
35
In base 4, what is 11 - -13113?
13130
In base 5, what is -342 + -1?
-343
In base 7, what is 10 + 